 when 103052 is divided by 10304.
12
What is the remainder when 8256 is divided by 2?
0
Calculate the remainder when 84863 is divided by 312.
311
Calculate the remainder when 43236 is divided by 8.
4
What is the remainder when 2054 is divided by 30?
14
Calculate the remainder when 64952 is divided by 255.
182
What is the remainder when 709 is divided by 34?
29
What is the remainder when 625742 is divided by 1057?
1055
What is the remainder when 9214 is divided by 24?
22
What is the remainder when 12595 is divided by 229?
0
Calculate the remainder when 5139 is divided by 2564.
11
Calculate the remainder when 12530 is divided by 41.
25
Calculate the remainder when 42909 is divided by 55.
9
Calculate the remainder when 47714 is divided by 1437.
293
What is the remainder when 4530 is divided by 72?
66
What is the remainder when 10862 is divided by 1201?
53
Calculate the remainder when 1870 is divided by 396.
286
What is the remainder when 4300998 is divided by 506?
504
What is the remainder when 691 is divided by 558?
133
What is the remainder when 20473 is divided by 5103?
61
What is the remainder when 4961 is divided by 984?
41
Calculate the remainder when 318830 is divided by 6015.
35
Calculate the remainder when 835 is divided by 202.
27
Calculate the remainder when 1519366 is divided by 37.
35
Calculate the remainder when 78716 is divided by 48.
44
Calculate the remainder when 114998 is divided by 451.
444
What is the remainder when 1734 is divided by 13?
5
Calculate the remainder when 448 is divided by 403.
45
What is the remainder when 2385835 is divided by 62785?
5
What is the remainder when 233026 is divided by 359?
35
What is the remainder when 618051 is divided by 431?
428
Calculate the remainder when 23185 is divided by 244.
5
What is the remainder when 2652 is divided by 427?
90
What is the remainder when 80271 is divided by 95?
91
What is the remainder when 346 is divided by 167?
12
What is the remainder when 33363 is divided by 309?
300
What is the remainder when 64248 is divided by 16057?
20
What is the remainder when 129658 is divided by 188?
126
What is the remainder when 2709 is divided by 191?
35
Calculate the remainder when 1954 is divided by 1940.
14
What is the remainder when 316943 is divided by 13?
3
Calculate the remainder when 3568 is divided by 1773.
22
What is the remainder when 7070 is divided by 177?
167
What is the remainder when 9916 is divided by 1?
0
Calculate the remainder when 22077 is divided by 118.
11
What is the remainder when 1695 is divided by 102?
63
What is the remainder when 23120 is divided by 188?
184
Calculate the remainder when 86201 is divided by 862.
1
What is the remainder when 80154 is divided by 53?
18
Calculate the remainder when 2813 is divided by 17.
8
What is the remainder when 415800 is divided by 27720?
0
Calculate the remainder when 16638 is divided by 52.
50
Calculate the remainder when 16926 is divided by 149.
89
Calculate the remainder when 337292 is divided by 88.
76
Calculate the remainder when 677877 is divided by 7882.
25
Calculate the remainder when 480 is divided by 165.
150
What is the remainder when 18701 is divided by 552?
485
Calculate the remainder when 2079 is divided by 450.
279
What is the remainder when 14092 is divided by 815?
237
Calculate the remainder when 56665 is divided by 142.
7
What is the remainder when 856 is divided by 261?
73
What is the remainder when 3202 is divided by 69?
28
Calculate the remainder when 783177 is divided by 687.
684
Calculate the remainder when 25786 is divided by 12635.
516
What is the remainder when 5151 is divided by 434?
377
What is the remainder when 28764 is divided by 11?
10
What is the remainder when 889522 is divided by 6?
4
What is the remainder when 1272974 is divided by 727?
724
Calculate the remainder when 1139495 is divided by 51795.
5
What is the remainder when 959552 is divided by 805?
797
Calculate the remainder when 2098 is divided by 357.
313
Calculate the remainder when 55992 is divided by 459.
453
Calculate the remainder when 1594 is divided by 1328.
266
What is the remainder when 101570 is divided by 594?
590
What is the remainder when 26195 is divided by 223?
104
What is the remainder when 1219604 is divided by 12?
8
What is the remainder when 3048 is divided by 607?
13
Calculate the remainder when 5805 is divided by 22.
19
Calculate the remainder when 1357 is divided by 203.
139
What is the remainder when 1069 is divided by 972?
97
What is the remainder when 303159 is divided by 11?
10
What is the remainder when 2525 is divided by 442?
315
What is the remainder when 30573 is divided by 16?
13
What is the remainder when 81738 is divided by 7?
6
What is the remainder when 6242 is divided by 2602?
1038
What is the remainder when 78254 is divided by 218?
210
Calculate the remainder when 10588 is divided by 50.
38
Calculate the remainder when 5336 is divided by 842.
284
What is the remainder when 35249 is divided by 11744?
17
Calculate the remainder when 1228 is divided by 370.
118
Calculate the remainder when 6983 is divided by 7.
4
What is the remainder when 19736 is divided by 1246?
1046
What is the remainder when 803247 is divided by 17?
14
What is the remainder when 29102 is divided by 405?
347
Calculate the remainder when 92594 is divided by 18501.
89
What is the remainder when 11284 is divided by 166?
162
What is the remainder when 185018 is divided by 15?
8
What is the remainder when 4419 is divided by 224?
163
Calculate the remainder when 3707 is divided by 195.
2
What is the remainder when 191749 is divided by 1431?
1426
Calculate the remainder when 1000 is divided by 469.
62
Calculate the remainder when 270490 is divided by 3.
1
What is the remainder when 2135 is divided by 194?
1
Calculate the remainder when 51101 is divided by 1087.
12
What is the remainder when 67845 is divided by 57?
15
What is the remainder when 222 is divided by 1?
0
Calculate the remainder when 7186 is divided by 141.
136
Calculate the remainder when 449 is divided by 13.
7
Calculate the remainder when 39800 is divided by 71.
40
Calculate the remainder when 1056275 is divided by 1322.
1319
What is the remainder when 263772 is divided by 24?
12
What is the remainder when 34908 is divided by 234?
42
Calculate the remainder when 25589 is divided by 8519.
32
What is the remainder when 586 is divided by 547?
39
Calculate the remainder when 18179 is divided by 184.
147
What is the remainder when 1199 is divided by 403?
393
Calculate the remainder when 587 is divided by 7.
6
What is the remainder when 9396 is divided by 75?
21
Calculate the remainder when 4107 is divided by 216.
3
Calculate the remainder when 1656 is divided by 1204.
452
What is the remainder when 105481 is divided by 34?
13
Calculate the remainder when 1633150 is divided by 16.
14
What is the remainder when 21812 is divided by 69?
8
Calculate the remainder when 4937 is divided by 11.
9
What is the remainder when 3108 is divided by 60?
48
Calculate the remainder when 9697 is divided by 99.
94
Calculate the remainder when 20778 is divided by 221.
4
Calculate the remainder when 627 is divided by 328.
299
What is the remainder when 7598324 is divided by 23?
21
Calculate the remainder when 55755 is divided by 1365.
1155
What is the remainder when 17392 is divided by 1099?
907
What is the remainder when 10504 is divided by 133?
130
What is the remainder when 5576 is divided by 1801?
173
What is the remainder when 376 is divided by 119?
19
Calculate the remainder when 25071 is divided by 2453.
541
Calculate the remainder when 210112 is divided by 81.
79
What is the remainder when 501220 is divided by 22?
16
What is the remainder when 8916 is divided by 46?
38
What is the remainder when 52949 is divided by 196?
29
What is the remainder when 2200 is divided by 510?
160
What is the remainder when 640 is divided by 213?
1
Calculate the remainder when 868705 is divided by 289567.
4
Calculate the remainder when 165826 is divided by 331.
326
Calculate the remainder when 32756 is divided by 182.
178
What is the remainder when 1483 is divided by 48?
43
What is the remainder when 119309 is divided by 119305?
4
Calculate the remainder when 75068 is divided by 86.
76
Calculate the remai